{"id":136,"date":"2019-04-28T11:04:42","date_gmt":"2019-04-28T11:04:42","guid":{"rendered":"http:\/\/schuetzenpumpestich.de\/?page_id=136"},"modified":"2019-09-23T18:03:27","modified_gmt":"2019-09-23T18:03:27","slug":"schiessstaende","status":"publish","type":"page","link":"https:\/\/schuetzenpumpestich.de\/?page_id=136","title":{"rendered":"Schie\u00dfst\u00e4nde"},"content":{"rendered":"\n<h2 class=\"wp-block-heading\">LG Stand Pumpe-Stich<\/h2>\n\n\n\n<p><strong>Luftdruckwaffen Schie\u00dfstand Pumpe-Stich<\/strong><\/p>\n\n\n\n<p>Das Sch\u00fctzenheim ist Mittwochs jeweils ab 18:00 Uhr f\u00fcr alle Mitglieder ge\u00f6ffnet. Zeitgleich steht dann auch jeweils der Schie\u00dfstand zwecks Training zur Verf\u00fcgung. Dabei handelt es sich um eine 10 Meter Schie\u00dfanlage mit 5 Bahnen f\u00fcr das Schie\u00dfen mit Luftgewehr und Luftpistole. Obwohl es sich um eine \u00e4ltere Anlage handelt, ist diese technisch auf modernen Stand gehalten worden. 2013 erfolgte die Anschaffung einer neuen Auswerteanlage, so dass wir nun &nbsp;\u201eH\u00f6herklassige Mannschaften\u201c f\u00fcr Rundenvergleichsk\u00e4mpfe melden k\u00f6nnen.<\/p>\n\n\n\n<p>2019 erfolgt die komplette Sanierung des Schie\u00dfstands mit Umr\u00fcstung auf digitale Schie\u00dfstandtechnik der Fa. Meyton.<\/p>\n\n\n\n<div class=\"wp-block-image\"><figure class=\"aligncenter is-resized\"><img loading=\"lazy\" decoding=\"async\" src=\"https:\/\/schuetzenpumpestich.de\/wp-content\/uploads\/2019\/04\/Meyton1-768x1024.jpg\" alt=\"\" class=\"wp-image-121\" width=\"220\" height=\"293\" srcset=\"https:\/\/schuetzenpumpestich.de\/wp-content\/uploads\/2019\/04\/Meyton1.jpg 768w, https:\/\/schuetzenpumpestich.de\/wp-content\/uploads\/2019\/04\/Meyton1-225x300.jpg 225w\" sizes=\"(max-width: 220px) 100vw, 220px\" \/><figcaption>LG\/LP Stand Pumpe-Stich<\/figcaption><\/figure><\/div>\n\n\n\n<h2 class=\"wp-block-heading\">KK Stand Frohnhoven<\/h2>\n\n\n\n<p>Der KK-Schie\u00dfstand Frohnhoven der Stadt Eschweiler steht f\u00fcr unsere Bruderschaft zur Verf\u00fcgung. Hier ist ein gleichzeitiges Training von KK-Gewehr- und KK-Pistolendisziplinen m\u00f6glich. Wir konnten hier zwei monatliche Termine anmieten <\/p>\n\n\n\n<div class=\"wp-block-image\"><figure class=\"aligncenter\"><img loading=\"lazy\" decoding=\"async\" width=\"360\" height=\"270\" src=\"https:\/\/schuetzenpumpestich.de\/wp-content\/uploads\/2019\/06\/pistolekk_360.jpeg\" alt=\"\" class=\"wp-image-225\" srcset=\"https:\/\/schuetzenpumpestich.de\/wp-content\/uploads\/2019\/06\/pistolekk_360.jpeg 360w, https:\/\/schuetzenpumpestich.de\/wp-content\/uploads\/2019\/06\/pistolekk_360-300x225.jpeg 300w, https:\/\/schuetzenpumpestich.de\/wp-content\/uploads\/2019\/06\/pistolekk_360-326x245.jpeg 326w, https:\/\/schuetzenpumpestich.de\/wp-content\/uploads\/2019\/06\/pistolekk_360-80x60.jpeg 80w\" sizes=\"(max-width: 360px) 100vw, 360px\" \/><figcaption>KK Stand Frohnhoven<\/figcaption><\/figure><\/div>\n\n\n\n<p>Trainingszeiten: Erster Dienstag im Monat von 18:00 Uhr bis 20:00 Uhr.<\/p>\n\n\n\n<p><\/p>\n","protected":false},"excerpt":{"rendered":"<div class=\"mh-excerpt\"><p>LG Stand Pumpe-Stich Luftdruckwaffen Schie\u00dfstand Pumpe-Stich Das Sch\u00fctzenheim ist Mittwochs jeweils ab 18:00 Uhr f\u00fcr alle Mitglieder ge\u00f6ffnet. Zeitgleich steht dann auch jeweils der Schie\u00dfstand <a class=\"mh-excerpt-more\" href=\"https:\/\/schuetzenpumpestich.de\/?page_id=136\" title=\"Schie\u00dfst\u00e4nde\">[&#8230;]<\/a><\/p>\n<\/div>","protected":false},"author":1,"featured_media":121,"parent":0,"menu_order":0,"comment_status":"closed","ping_status":"closed","template":"","meta":{"_price":"","_stock":"","_tribe_ticket_header":"","_tribe_default_ticket_provider":"","_tribe_ticket_capacity":"0","_ticket_start_date":"","_ticket_end_date":"","_tribe_ticket_show_description":"","_tribe_ticket_show_not_going":false,"_tribe_ticket_use_global_stock":"","_tribe_ticket_global_stock_level":"","_global_stock_mode":"","_global_stock_cap":"","_tribe_rsvp_for_event":"","_tribe_ticket_going_count":"","_tribe_ticket_not_going_count":"","_tribe_tickets_list":"[]","_tribe_ticket_has_attendee_info_fields":false,"footnotes":"","_tec_slr_enabled":"","_tec_slr_layout":""},"ticketed":false,"_links":{"self":[{"href":"https:\/\/schuetzenpumpestich.de\/index.php?rest_route=\/wp\/v2\/pages\/136"}],"collection":[{"href":"https:\/\/schuetzenpumpestich.de\/index.php?rest_route=\/wp\/v2\/pages"}],"about":[{"href":"https:\/\/schuetzenpumpestich.de\/index.php?rest_route=\/wp\/v2\/types\/page"}],"author":[{"embeddable":true,"href":"https:\/\/schuetzenpumpestich.de\/index.php?rest_route=\/wp\/v2\/users\/1"}],"replies":[{"embeddable":true,"href":"https:\/\/schuetzenpumpestich.de\/index.php?rest_route=%2Fwp%2Fv2%2Fcomments&post=136"}],"version-history":[{"count":4,"href":"https:\/\/schuetzenpumpestich.de\/index.php?rest_route=\/wp\/v2\/pages\/136\/revisions"}],"predecessor-version":[{"id":302,"href":"https:\/\/schuetzenpumpestich.de\/index.php?rest_route=\/wp\/v2\/pages\/136\/revisions\/302"}],"wp:featuredmedia":[{"embeddable":true,"href":"https:\/\/schuetzenpumpestich.de\/index.php?rest_route=\/wp\/v2\/media\/121"}],"wp:attachment":[{"href":"https:\/\/schuetzenpumpestich.de\/index.php?rest_route=%2Fwp%2Fv2%2Fmedia&parent=136"}],"curies":[{"name":"wp","href":"https:\/\/api.w.org\/{rel}","templated":true}]}}