{"id":134,"date":"2019-04-28T10:54:18","date_gmt":"2019-04-28T10:54:18","guid":{"rendered":"http:\/\/schuetzenpumpestich.de\/?page_id=134"},"modified":"2019-06-04T07:40:25","modified_gmt":"2019-06-04T07:40:25","slug":"unser-schuetzenheim","status":"publish","type":"page","link":"https:\/\/schuetzenpumpestich.de\/?page_id=134","title":{"rendered":"Unser Sch\u00fctzenheim"},"content":{"rendered":"\n<p>Das Sch\u00fctzenheim wurde im Jahr 1978 unter der Federf\u00fchrung des verstorbenen Sch\u00fctzenbruders Hubert Krauthausen erbaut. &nbsp;In &nbsp;all den Jahren darauf &nbsp;erfolgten Modernisierungen und Anbauten.&nbsp;<\/p>\n\n\n\n<p>Das Sch\u00fctzenheim besteht aus einem Luftgewehr- &nbsp;und Luftpistolenschiessstand mit 5 beh\u00f6rdlich zugelassenen Schiessbahnen.<\/p>\n\n\n\n<p>Dieser Stand ist mit moderner Schiessstandtechnik best\u00fcckt. &nbsp;Innerhalb von wenigen Minuten ist es m\u00f6glich, den Schiessstand abzubauen und eine flexible Wand zum Schankraum hin zu entfernen. So ist eine Bestuhlung f\u00fcr ca. 80 Personen m\u00f6glich.<\/p>\n\n\n\n<div class=\"wp-block-image\"><figure class=\"aligncenter\"><img loading=\"lazy\" decoding=\"async\" width=\"640\" height=\"480\" src=\"https:\/\/schuetzenpumpestich.de\/wp-content\/uploads\/2019\/06\/heimi_med_hr.jpeg\" alt=\"\" class=\"wp-image-226\" srcset=\"https:\/\/schuetzenpumpestich.de\/wp-content\/uploads\/2019\/06\/heimi_med_hr.jpeg 640w, https:\/\/schuetzenpumpestich.de\/wp-content\/uploads\/2019\/06\/heimi_med_hr-300x225.jpeg 300w, https:\/\/schuetzenpumpestich.de\/wp-content\/uploads\/2019\/06\/heimi_med_hr-326x245.jpeg 326w, https:\/\/schuetzenpumpestich.de\/wp-content\/uploads\/2019\/06\/heimi_med_hr-80x60.jpeg 80w\" sizes=\"(max-width: 640px) 100vw, 640px\" \/><\/figure><\/div>\n\n\n\n<p>Des weiteren verf\u00fcgt das Sch\u00fctzenheim \u00fcber eine modern eingerichtete K\u00fcche &nbsp;mit allen dazu geh\u00f6rigen K\u00fcchenger\u00e4ten. Kaffee- und Essgeschirr f\u00fcr 40 Personen steht ebenfalls zur Verf\u00fcgung. Eine  Schankanlage ist vorhanden und kann bei Bedarf aufgebaut werden. &nbsp;Der eigentliche Schankraum ist f\u00fcr &nbsp;ca. 50 Personen ausgelegt.<\/p>\n\n\n\n<p>Das Sch\u00fctzenheim ist Mittwochs zwischen 18:00 Uhr und 21:00 Uhr ge\u00f6ffnet.<\/p>\n\n\n\n<p>Das Sch\u00fctzenheim befindet sich Am Padtkohl 10, 52249 Eschweiler,&nbsp;<\/p>\n\n\n\n<p>und kann f\u00fcr Ihre Feste, Versammlungen und Tagungen angemietet werden.<\/p>\n\n\n\n<p>Die Ansprechpartnerin f\u00fcr das Sch\u00fctzenheim ist:<\/p>\n\n\n\n<p>Petra Frohn<\/p>\n\n\n\n<p>02403 \/ 374 12<\/p>\n","protected":false},"excerpt":{"rendered":"<div class=\"mh-excerpt\"><p>Das Sch\u00fctzenheim wurde im Jahr 1978 unter der Federf\u00fchrung des verstorbenen Sch\u00fctzenbruders Hubert Krauthausen erbaut. &nbsp;In &nbsp;all den Jahren darauf &nbsp;erfolgten Modernisierungen und Anbauten.&nbsp; Das <a class=\"mh-excerpt-more\" href=\"https:\/\/schuetzenpumpestich.de\/?page_id=134\" title=\"Unser Sch\u00fctzenheim\">[&#8230;]<\/a><\/p>\n<\/div>","protected":false},"author":1,"featured_media":41,"parent":0,"menu_order":0,"comment_status":"closed","ping_status":"closed","template":"","meta":{"_price":"","_stock":"","_tribe_ticket_header":"","_tribe_default_ticket_provider":"","_tribe_ticket_capacity":"0","_ticket_start_date":"","_ticket_end_date":"","_tribe_ticket_show_description":"","_tribe_ticket_show_not_going":false,"_tribe_ticket_use_global_stock":"","_tribe_ticket_global_stock_level":"","_global_stock_mode":"","_global_stock_cap":"","_tribe_rsvp_for_event":"","_tribe_ticket_going_count":"","_tribe_ticket_not_going_count":"","_tribe_tickets_list":"[]","_tribe_ticket_has_attendee_info_fields":false,"footnotes":"","_tec_slr_enabled":"","_tec_slr_layout":""},"ticketed":false,"_links":{"self":[{"href":"https:\/\/schuetzenpumpestich.de\/index.php?rest_route=\/wp\/v2\/pages\/134"}],"collection":[{"href":"https:\/\/schuetzenpumpestich.de\/index.php?rest_route=\/wp\/v2\/pages"}],"about":[{"href":"https:\/\/schuetzenpumpestich.de\/index.php?rest_route=\/wp\/v2\/types\/page"}],"author":[{"embeddable":true,"href":"https:\/\/schuetzenpumpestich.de\/index.php?rest_route=\/wp\/v2\/users\/1"}],"replies":[{"embeddable":true,"href":"https:\/\/schuetzenpumpestich.de\/index.php?rest_route=%2Fwp%2Fv2%2Fcomments&post=134"}],"version-history":[{"count":2,"href":"https:\/\/schuetzenpumpestich.de\/index.php?rest_route=\/wp\/v2\/pages\/134\/revisions"}],"predecessor-version":[{"id":230,"href":"https:\/\/schuetzenpumpestich.de\/index.php?rest_route=\/wp\/v2\/pages\/134\/revisions\/230"}],"wp:featuredmedia":[{"embeddable":true,"href":"https:\/\/schuetzenpumpestich.de\/index.php?rest_route=\/wp\/v2\/media\/41"}],"wp:attachment":[{"href":"https:\/\/schuetzenpumpestich.de\/index.php?rest_route=%2Fwp%2Fv2%2Fmedia&parent=134"}],"curies":[{"name":"wp","href":"https:\/\/api.w.org\/{rel}","templated":true}]}}